 of 711733?
3
What is the hundreds digit of 394527?
5
What is the units digit of 512804?
4
What is the tens digit of 8184549?
4
What is the thousands digit of 94307?
4
What is the tens digit of 30352245?
4
What is the millions digit of 5623842?
5
What is the ten thousands digit of 20053094?
5
What is the tens digit of 7400440?
4
What is the thousands digit of 6505583?
5
What is the ten thousands digit of 102565?
0
What is the tens digit of 214175?
7
What is the units digit of 6246967?
7
What is the thousands digit of 1014028?
4
What is the hundreds digit of 8122542?
5
What is the millions digit of 6168590?
6
What is the hundreds digit of 172011?
0
What is the thousands digit of 288386?
8
What is the units digit of 581848?
8
What is the units digit of 3482157?
7
What is the hundred thousands digit of 4857731?
8
What is the ten thousands digit of 10855022?
5
What is the tens digit of 976058?
5
What is the millions digit of 5180662?
5
What is the tens digit of 29157?
5
What is the hundreds digit of 209254?
2
What is the ten thousands digit of 1148297?
4
What is the tens digit of 162242?
4
What is the millions digit of 20397837?
0
What is the ten thousands digit of 503333?
0
What is the ten thousands digit of 536678?
3
What is the hundred thousands digit of 2702167?
7
What is the hundred thousands digit of 769278?
7
What is the hundreds digit of 908308?
3
What is the hundred thousands digit of 136713?
1
What is the millions digit of 3586881?
3
What is the hundreds digit of 294397?
3
What is the ten thousands digit of 377389?
7
What is the units digit of 606584?
4
What is the ten thousands digit of 2242682?
4
What is the tens digit of 16307?
0
What is the hundreds digit of 7559002?
0
What is the hundred thousands digit of 24201862?
2
What is the hundreds digit of 3388820?
8
What is the hundreds digit of 87247?
2
What is the tens digit of 197539?
3
What is the hundred thousands digit of 569255?
5
What is the thousands digit of 179592?
9
What is the hundred thousands digit of 4528162?
5
What is the tens digit of 6472456?
5
What is the hundred thousands digit of 170724?
1
What is the units digit of 3514074?
4
What is the units digit of 64694?
4
What is the hundreds digit of 145455?
4
What is the units digit of 37819409?
9
What is the units digit of 1997364?
4
What is the tens digit of 3810338?
3
What is the tens digit of 2422509?
0
What is the ten thousands digit of 1145960?
4
What is the thousands digit of 636353?
6
What is the tens digit of 55058?
5
What is the thousands digit of 89839?
9
What is the units digit of 536903?
3
What is the units digit of 26338621?
1
What is the millions digit of 2788103?
2
What is the units digit of 2724810?
0
What is the thousands digit of 511457?
1
What is the tens digit of 617871?
7
What is the units digit of 334472?
2
What is the hundreds digit of 4265347?
3
What is the hundreds digit of 5445461?
4
What is the hundred thousands digit of 23655581?
6
What is the hundreds digit of 268046?
0
What is the ten thousands digit of 86809?
8
What is the hundred thousands digit of 175529?
1
What is the hundreds digit of 20933699?
6
What is the thousands digit of 12814341?
4
What is the thousands digit of 1191933?
1
What is the hundreds digit of 112312?
3
What is the ten thousands digit of 223461?
2
What is the hundreds digit of 2152746?
7
What is the ten thousands digit of 6484113?
8
What is the ten thousands digit of 111318?
1
What is the hundreds digit of 4544219?
2
What is the hundreds digit of 1375065?
0
What is the hundred thousands digit of 195530?
1
What is the hundred thousands digit of 941383?
9
What is the millions digit of 1707567?
1
What is the thousands digit of 75583?
5
What is the millions digit of 1704424?
1
What is the hundred thousands digit of 27486010?
4
What is the ten thousands digit of 1110414?
1
What is the millions digit of 3577074?
3
What is the tens digit of 593434?
3
What is the thousands digit of 230772?
0
What is the thousands digit of 7089935?
9
What is the tens digit of 5182751?
5
What is the ten thousands digit of 6349161?
4
What is the hundreds digit of 1603724?
7
What is the ten thousands digit of 209920?
0
What is the thousands digit of 12823112?
3
What is the units digit of 554896?
6
What is the units digit of 13391193?
3
What is the hundred thousands digit of 1195696?
1
What is the units digit of 705803?
3
What is the thousands digit of 50565?
0
What is the hundred thousands digit of 2656493?
6
What is the hundreds digit of 561882?
8
What is the thousands digit of 1157697?
7
What is the units digit of 4522278?
8
What is the units digit of 11982743?
3
What is the units digit of 20279958?
8
What is the hundreds digit of 7410630?
6
What is the tens digit of 15942844?
4
What is the hundreds digit of 22779?
7
What is the units digit of 113980?
0
What is the hundred thousands digit of 7520838?
5
What is the hundred thousands digit of 10199354?
1
What is the tens digit of 3360852?
5
What is the thousands digit of 29361162?
1
What is the tens digit of 10714038?
3
What is the units digit of 464599?
9
What is the ten thousands digit of 9639218?
3
What is the ten thousands digit of 9829513?
2
What is the tens digit of 842029?
2
What is the hundred thousands digit of 12867851?
8
What is the units digit of 126572?
2
What is the thousands digit of 407969?
7
What is the units digit of 312849?
9
What is the tens digit of 343056?
5
What is the millions digit of 3375249?
3
What is the thousands digit of 129579?
9
What is the millions digit of 2337466?
2
What is the hundreds digit of 783571?
5
What is the tens digit of 4579025?
2
What is the units digit of 1093347?
7
What is the tens digit of 1798902?
0
What is the tens digit of 1280944?
4
What is the hundred thousands digit of 12659127?
6
What is the ten thousands digit of 32316460?
1
What is the thousands digit of 188248?
8
What is the units digit of 6654170?
0
What is the tens digit of 1189804?
0
What is the millions digit of 1315967?
1
What is the tens digit of 212171?
7
What is the units digit of 8367388?
8
What is the units digit of 8733939?
9
What is the tens digit of 1228565?
6
What is the hundreds digit of 859460?
4
What is the hundreds digit of 72118?
1
What is the ten thousands digit of 5800029?
0
What is the tens digit of 1613178?
7
What is the units digit of 271858?
8
What is the ten thousands digit of 3832955?
3
What is the tens digit of 76859?
5
What is the hundreds digit of 645720?
7
What is the ten millions digit of 25794404?
2
What is the units digit of 176783?
3
What is the hundreds digit of 9454807?
8
What is the units digit of 178475?
5
What is the tens digit of 1959161?
6
What is the hundreds digit of 2904133?
1
What is the tens digit of 15425763?
6
What is the thousands digit of 1114300?
4
What is the units digit of 46968?
8
What is the tens digit of 984294?
9
What is the thousands digit of 104675?
4
What is the tens digit of 1257232?
3
What is the hundred thousands digit of 1583987?
5
What is the ten thousands digit of 98549?
9
What is the units digit of 4573853?
3
What is the thousands digit of 10375281?
5
What is the units digit of 14996466?
6
What is the millions digit of 6659201?
6
What is the thousands digit of 4751949?
1
What is the hundred thousands digit of 9615061?
6
What is the thousands digit of 1670574?
0
What is the units digit of 3771032?
2
What is the tens digit of 505247?
4
What is the units digit of 206064?
4
What is the units digit of 1442794?
4
What is the hundreds digit of 439116?
1
What is the ten thousands digit of 33811087?
1
What is the ten thousands digit of 4569690?
6
What is the millions digit of 39620407?
9
What is the units digit of 14166716?
6
What is the hundreds digit of 271179?
1
What is the millions digit of 2164579?
2
What is the thousands digit of 4346888?
6
What is the hundred thousands digit of 1848116?
8
What is the thousands digit of 3243758?
3
What is the tens digit of 7853?
5
What is the ten millions digit of 13705256?
1
What is the thousands digit of 4320558?
0
What is the hundred thousands digit of 11219127?
2
What is the hundreds digit of 20606080?
0
What is the ten millions digit of 10029804?
1
What is the tens digit of 3235213?
1
What is the hundreds digit of 439531?
5
What is the te